Determine o(9).
6489
Let g(k) = 2*k**3 - 182*k**2 - 11171*k + 30. What is g(-42)?
-12
Let v(p) = 1174*p - 597. Determine v(1).
577
Let n(s) = 7616*s + 98532. Calculate n(-13).
-476
Let r(q) = -55153*q - 2206074. What is r(-40)?
46
Let h(u) = 2*u**3 + 83*u**2 - 15611*u + 78. Determine h(70).
8
Let g(c) = 2*c**3 + 61*c**2 - 477*c + 7255. Calculate g(-39).
1
Let i(m) = m**2 + 537*m - 28724. Give i(49).
-10
Let t(r) = -2807*r - 280697. Give t(-100).
3
Let f(a) = a**2 - 2069*a + 29. Calculate f(0).
29
Let o(t) = -5183*t - 86798. Determine o(-17).
1313
Let n(o) = -3*o**3 - 252*o**2 + 1521*o - 18. Determine n(6).
-612
Let g(x) = -5*x**3 + 9*x**2 - 38*x - 193. What is g(-4)?
423
Let o(g) = -40*g**2 + 558*g + 9615. Calculate o(-10).
35
Let z(n) = -1250*n - 344045. Calculate z(-275).
-295
Let z(b) = -12923*b - 116314. Give z(-9).
-7
Let t(z) = -1563*z - 104638. What is t(-67)?
83
Let w(c) = -6*c**2 - 57*c + 69. What is w(-14)?
-309
Let s(f) = -374*f - 9791. What is s(-27)?
307
Let s(j) = -3*j**3 - 6*j**2 - 277*j - 1631. Give s(-6).
463
Let i(b) = -10549*b + 10285271. What is i(975)?
-4
Let y(a) = -2944*a - 43187. Calculate y(-15).
973
Let i(v) = -12*v**2 - 677*v + 53018. Determine i(44).
-2
Let k(h) = -h**3 + 45*h**2 + 289*h - 12008. Determine k(44).
2644
Let l(b) = 7*b**3 + 737*b**2 + 233*b - 566. Calculate l(-105).
-2981
Let f(h) = -77*h**2 + 82*h + 721. Calculate f(5).
-794
Let o(g) = 531*g - 43002. Determine o(81).
9
Let w(i) = 2*i**3 - 1886*i**2 + 3625*i + 130815. What is w(941)?
16
Let m(h) = 16862*h + 67458. Calculate m(-4).
10
Let i(m) = -624*m**2 + 17559*m - 2434. Give i(28).
2
Let c(d) = -d**3 + 36*d**2 + 509*d - 77. Give c(-11).
11
Let c(q) = 6*q**2 + 2217*q + 41967. Calculate c(-20).
27
Let u(a) = 30397*a + 668725. Calculate u(-22).
-9
Let o(f) = -2*f**2 + 3051*f + 398447. Determine o(-121).
-6
Let n(v) = 14465*v + 1750263. Calculate n(-121).
-2
Let t(i) = -197*i - 1839. Calculate t(-10).
131
Let g(k) = 9*k**2 - 7318*k + 21882. Determine g(3).
9
Let f(w) = -w**3 + 214*w**2 + 17452*w - 554. What is f(277)?
-277
Let z(g) = -2*g**3 - 118*g**2 + 323*g + 19058. Give z(-59).
1
Let d(a) = 6*a**3 - 22*a**2 + 1033*a - 1011. What is d(1)?
6
Let a(b) = 4*b**3 - 1212*b**2 + 39402*b - 1261. Give a(37).
-3
Let y(l) = 3*l**2 + 371*l - 1226. What is y(-125)?
-726
Let h(o) = 24*o**2 - 20*o - 180. Give h(-5).
520
Let q(l) = -99*l**2 + 1671*l - 4158. Give q(14).
-168
Let t(a) = -14328*a + 12096. Calculate t(1).
-2232
Let p(s) = -34*s**2 + 4691*s + 116. What is p(138)?
-22
Let a(r) = -2*r**3 + 25*r**2 + 6*r + 19. Determine a(9).
640
Let f(z) = -z**2 - 17193*z + 103194. Calculate f(6).
0
Let t(k) = k**2 + 1352*k - 351217. Give t(223).
8
Let j(u) = u**3 + 6*u**2 - 368*u - 2228. What is j(-6)?
-20
Let o(d) = -d**3 - 29*d**2 + 27*d + 563. What is o(-29)?
-220
Let z(c) = 60*c**2 + 3415*c - 417. Give z(-57).
-132
Let d(c) = -494032*c - 1976127. Give d(-4).
1
Let f(s) = -s**2 - 33*s - 225. Give f(-24).
-9
Let f(z) = -91*z**2 - 24*z + 102. Determine f(5).
-2293
Let j(h) = 333022*h + 1998133. Give j(-6).
1
Let p(l) = 2*l**3 - 11*l**2 + 516*l - 1516. What is p(3)?
-13
Let z(m) = -3*m**3 + 37*m**2 - 2227*m + 24009. Calculate z(11).
-4
Let i(f) = -356*f**2 + 344*f + 10. What is i(1)?
-2
Let q(j) = j**3 - 27*j**2 + 177*j - 15. What is q(16)?
1
Let b(g) = 2615*g + 49658. Calculate b(-19).
-27
Let p(g) = -g**3 + 24*g**2 + 56*g - 1626. Calculate p(27).
-2301
Let h(d) = 129*d**2 - 1326*d + 1468. What is h(9)?
-17
Let w(d) = -115*d**2 + 38181*d - 327. What is w(332)?
5
Let h(m) = 80*m**2 + 4406*m + 331. Give h(-55).
1
Let k(q) = 334*q + 21028. What is k(-63)?
-14
Let f(a) = 86*a**3 + 38442*a**2 + 5*a + 2200. Determine f(-447).
-35
Let q(y) = 139278*y + 13. Determine q(0).
13
Let x(v) = v**2 - 95*v - 850. Calculate x(-10).
200
Let h(o) = 3*o**2 + 2654*o - 152872. Determine h(-939).
185
Let p(h) = h**3 - 264*h**2 + 8482*h - 2084988. Calculate p(262).
8
Let b(p) = 4265*p + 307069. Determine b(-72).
-11
Let b(z) = 672*z**2 - 1277*z - 1278. Determine b(-1).
671
Let i(m) = m**2 - 1477*m + 517983. What is i(573)?
-9
Let q(z) = -1508*z + 10103. Give q(7).
-453
Let p(n) = -818*n + 674837. What is p(825)?
-13
Let l(c) = -c**3 - 13*c**2 + 120*c + 114. What is l(-15)?
-1236
Let h(d) = -412990*d - 4955887. What is h(-12)?
-7
Let c(n) = 42*n**2 + 2386*n - 448. Calculate c(-57).
8
Let f(v) = -387*v + 13796. What is f(35)?
251
Let u(z) = -z**3 + z**2 + 5*z + 77. Calculate u(7).
-182
Let z(o) = -o**2 + 89*o - 4338. Give z(36).
-2430
Let v(n) = -13*n**3 - 15*n**2 + 387*n - 1462. What is v(5)?
-1527
Let c(q) = -3*q**2 - 75*q + 1967. Determine c(-40).
167
Let d(n) = 2*n**2 + 2008*n + 469743. Give d(-371).
57
Let a(k) = 11129*k - 64675. Determine a(6).
2099
Let o(h) = -3*h**2 + 259*h - 3862. What is o(21)?
254
Let r(z) = -z**3 - 937*z + 1880. What is r(2)?
-2
Let c(m) = 15482*m - 402967. Calculate c(26).
-435
Let t(b) = 2*b**3 - 8*b**2 - 84*b + 427. Determine t(6).
67
Let c(r) = 3*r**3 + 10*r**2 - 4*r - 111. Give c(-7).
-622
Let y(x) = 3548*x - 21385. Calculate y(6).
-97
Let j(z) = -3*z**3 - 151*z**2 - 1008*z + 77. What is j(-8)?
13
Let a(y) = -2967*y + 296706. Give a(100).
6
Let j(r) = -3*r**2 + 125*r + 130. Give j(30).
1180
Let h(s) = -29*s**2 - 1225*s - 12503. Determine h(-25).
-3
Let p(o) = -8*o**2 - 131*o + 19. Calculate p(-16).
67
Let l(n) = -607*n**3 + 10*n**2 + 3*n - 6. Give l(-2).
4884
Let h(d) = d**3 + 36*d**2 + 256*d - 159. Determine h(-11).
50
Let o(l) = 10*l**2 + 158*l - 24. Determine o(-20).
816
Let o(p) = -320*p**2 - 186*p + 184. What is o(1)?
-322
Let o(z) = -z**3 - 10*z**2 - 354*z - 3118. Calculate o(-9).
-13
Let n(l) = 39*l**2 + 8268*l - 40. What is n(-212)?
-40
Let s(a) = -10*a**2 + 256*a - 2673. What is s(15)?
-1083
Let g(y) = y**2 - 369*y + 14575. What is g(324)?
-5
Let u(w) = 2528*w - 17657. Determine u(7).
39
Let w(l) = -l**3 + 151*l**2 - 754*l + 3583. Determine w(146).
79
Let r(s) = -10*s**2 - 213*s + 154240. Determine r(114).
-2
Let y(z) = z**3 - 13*z**2 + 1036*z - 17980. Calculate y(17).
788
Let t(b) = 1763*b + 4589. What is t(-2)?
1063
Let d(l) = 32*l**3 - 35*l**2 - 17*l + 39. Determine d(2).
121
Let s(k) = -60*k**3 - 347*k**2 + 347*k + 1. Determine s(1).
-59
Let y(s) = -s**2 + 46*s + 155. Give y(0).
155
Let u(q) = -15447*q - 417060. Give u(-27).
9
Let f(m) = m**3 + 48*m**2 + 507*m + 1599. Determine f(-11).
499
Let s(h) = 8*h**2 - 163*h + 668. Determine s(15).
23
Let k(y) = -2909*y**3 - y**2 + 96*y + 95. Determine k(-1).
2907
Let u(h) = 102868*h - 1543228. Give u(15).
-208
Let d(j) = -2*j**3 - 45*j**2 - 64*j - 350. Determine d(-13).
-2729
Let z(w) = -2*w**3 + 21*w**2 + 302*w + 33. Give z(-8).
-15
Let f(k) = 2*k**3 - 96*k**2 - 19*k + 263. Give f(0).
263
Let k(p) = -22312*p + 111565. What is k(5)?
5
Let m(b) = 19*b**2 + 2370*b - 28397. What is m(11)?
-28
Let u(p) = -p**3 - 16*p**2 - 9*p - 68. Determine u(-15).
-158
Let o(p) = 4927*p - 152740. Determine o(31).
-3
Let z(i) = -12*i**2 - 33*i + 249. Determine z(6).
-381
Let l(y) = 547*y + 31103. What is l(-58)?
-623
Let c(i) = -6*i**3 + 3*i**2 - 8*i + 5. Determine c(-6).
1457
Let y(h) = -2*h**3 - 279*h**2 - 413*h + 171. Calculate y(-138).
33
Let a(y) = -30*y**2 + 11*y + 24. Give a(-6).
-1122
Let n(d) = -1011*d + 77635. Give n(77).
-212
Let l(a) = 7*a**3 + 23*a**2 - 2922*a - 11632. Give l(-4).
-24
Let v(b) = -9976*b - 1047494. What is v(-105)?
-14
Let n(c) = -c**3 - 1756*c**2 + 8786*c + 30. Calculate n(5).
-65
Let k(m) = 23900*m + 3250383. Give k(-136).
-17
Let u(o) = 383*o - 78496. Calculate u(205).
19
Let t(i) = i**3 + 341*i**2 + 1063*i + 16558. Determine t(-338).
-4
Let s(c) = -12768*c + 217178. Determine s(17).
122
Let v(m) = -5*m**2 + 475*m + 1722. Calculate v(98).
252
Let n(j) = -j**3 - 7*j**2 - 139*j - 412. Give n(-3).
-31
Let p(o) = o**2 + 15066*o + 945208. Calculate p(-63).
19
Let y(r) = 390*r**2 + 883*r + 255. What is y(-2)?
49
Let n(b) = -3*b**2 + 71*b - 363. What is n(6)?
-45
Let s(h) = 64*h**3 + 5700*h**2 + 356*h - 74. What is s(-89)?
-74
Let x(j) = 79*j - 7219. Calculate x(94).
207
Let a(d) = -332503*d + 2992519. Calculate a(9).
-8
Let z(l) = -l**3 + 898*l**2 + 1755*l + 40508. Determine z(900).
8
Let i(u) = -34*u**3 + 105*u**2 - 4*u - 8. Calculate i(3).
7
Let c(j) = j**3 - 24*j**2 + 11*j + 1411. Determine c(11)